- y)?
2
Suppose 0 = 5*c + 668 + 1232. Calculate the remainder when c/(-5)*1/2 is divided by 8/(-6)*(-12 + -3).
18
Let z(j) = -j**3 - 5*j**2 - 4*j - 1. Let l be z(-4). Let y = l + 3. Calculate the remainder when y is divided by 3*1/(-3) + (0 - -2).
0
Suppose u = -1, -3*n + 44 = u - 3*u. What is the remainder when 946/n - (-33)/77 is divided by 18?
14
Suppose 0 = -5*j - 32 + 7. Calculate the remainder when 2 is divided by -4 - -1 - j - 1.
0
Suppose -5*y + 3*v = -421, -6*y = -4*y - 4*v - 160. Calculate the remainder when y is divided by 29.
28
Let q(t) = 7*t**2 - 1. Let a(m) = -m**3 + 4*m**2 - 3*m. Let i be a(3). Let s = i - -21. What is the remainder when q(3) is divided by s?
20
Let j(s) = -s**3 + 9*s**2 - 5*s - 5. Let y be j(8). Suppose -4*k + 1 = m - 2*k, -2*k = 3*m - y. What is the remainder when 35 is divided by m?
8
Suppose -231 = -19*d + 12*d. Calculate the remainder when 97 is divided by d.
31
Suppose -61 = -3*a - 43. Calculate the remainder when 26 is divided by a.
2
Suppose -428 = -4*s - 2*n, -335 - 178 = -5*s + 3*n. Suppose 142 = 3*w + 2*g, -4*w = 3*g - s - 85. Calculate the remainder when w is divided by 12.
10
Suppose -9 = -5*r - 29. Calculate the remainder when (-147)/(-2)*r/(-6) is divided by 17.
15
Let n(x) = x + 7. Let b be n(-6). Let w = 4 - b. Suppose -2*r = -w*a - 30, -2*r - 2*a = -20 - 0. Calculate the remainder when 22 is divided by r.
10
Let p(o) = -o**2 - 12*o - 14. Calculate the remainder when 48 is divided by p(-3).
9
Suppose -10 + 30 = 4*f. Suppose r - 15 = 2*r. Calculate the remainder when f is divided by 5/r + (-13)/(-3).
1
Suppose 3*o + 2*o - 15 = 0. Suppose -b = -2, -o*b - 3 = -3*r + 48. Suppose -v = 4*v - 50. What is the remainder when r is divided by v?
9
Let x = 58 + -40. Calculate the remainder when 71 is divided by x.
17
Suppose -2*v + 40 = 3*v. Suppose 7*m - 2*m = 0. Suppose m = -6*a + 3*a + 15. What is the remainder when v is divided by a?
3
Let v = 70 - 17. Let x = v + 4. Calculate the remainder when x is divided by 20.
17
Let u = -1 - -2. Let c = 0 + u. What is the remainder when c is divided by (-4)/(-6) + 2/6?
0
Suppose -5*i - 4*a + 25 = 0, i - 2*a = -3*i - 6. Let n = -24 - -26. What is the remainder when n is divided by i?
0
Let h = 51 - 35. What is the remainder when 79 is divided by h?
15
Suppose -j - 20 = -63. Calculate the remainder when j is divided by -1 + 2 + (22 - 1).
21
Let y be (-2)/6 - 44/(-6). Suppose 33 = 2*q + 3*g, -y*g = -2*g - 5. Suppose q = 2*j - l, 0 = -2*j - 5*l + 41 + 4. What is the remainder when 29 is divided by j?
9
Let s(b) = -b**3 + 3*b**2 + 7*b - 6. Let g(h) = -4*h + 4. What is the remainder when g(-3) is divided by s(4)?
4
Let y(s) = 3*s + 10. Let i be 132/28 + (-4)/(-14). Suppose -i*l - 1 = 4*q - 29, 5*q = -15. What is the remainder when y(7) is divided by l?
7
Suppose 0*r - 264 = -4*r. Let i = 88 + -71. What is the remainder when r is divided by i?
15
Suppose -3*q + 116 = q. What is the remainder when (-3 - (-5 - 1)) + q is divided by 11?
10
Suppose -g - 5*a + 53 = 0, g + 3*g + 2*a = 122. Let z = -16 + g. Calculate the remainder when 46 is divided by z.
10
Suppose -4*i = -9*i + 70. Calculate the remainder when i is divided by 6.
2
Let v be ((-12)/9)/((-3)/9). Let x = 14 - v. Calculate the remainder when 38 is divided by x.
8
Let n = -11 - -6. Let t = n - -12. Calculate the remainder when 27 is divided by t.
6
Suppose -s = 3*f - 12, -4*s = 2*f - s - 1. Suppose 5*v - f*w = -0*w + 85, v - 2*w = 16. Calculate the remainder when v is divided by 10.
8
Calculate the remainder when 87 is divided by (-9860)/(-220) + 2 + 40/(-22).
42
Let g(i) = 2*i**3 + 3*i**2 - 2*i + 3. What is the remainder when g(2) is divided by 15?
12
Let l(s) = 2*s - 25. Calculate the remainder when l(16) is divided by 2.
1
Let k = -95 + -18. Let i = -77 - k. Calculate the remainder when i is divided by 13.
10
Suppose 2*y = 13 + 19. Let s(t) = 3*t + 5. What is the remainder when s(8) is divided by y?
13
Let q = 3 - 6. Let r(z) = -4*z - 3. Calculate the remainder when 25 is divided by r(q).
7
Let w(k) = -5*k - 1. Let s(r) = -r**2 - r + 1. Let o be s(0). Calculate the remainder when w(-1) is divided by 10/(o - -1) + -2.
1
Suppose -3*k - 4 = -5*k. What is the remainder when k is divided by 2?
0
Let h = 36 - 29. Suppose -4*x + 39 + 1 = 0. Calculate the remainder when x is divided by h.
3
What is the remainder when 24 is divided by 470/90 - 2/9?
4
Let t(i) = i**3 + 6*i**2 + 2*i - 12. Let b be t(-6). Let j = 32 + b. What is the remainder when 15 is divided by j?
7
Let p = -1 + 8. Let i(b) = -1 + 6*b + 4*b - p - 4*b. Calculate the remainder when i(7) is divided by 12.
10
Let l(c) = 8*c**2 + 12*c - 2. Calculate the remainder when l(-4) is divided by 27.
24
Let p(q) = -4*q - 6. Calculate the remainder when p(-7) is divided by 6.
4
Calculate the remainder when (-2)/5 + 304/10 is divided by 16.
14
Let p(m) = -4*m - 7. Calculate the remainder when p(-5) is divided by 5.
3
Suppose -3*a + 2*b = 336 - 1212, 855 = 3*a + 5*b. Suppose 9*r - a = 4*r. What is the remainder when r is divided by 20?
18
Suppose 0 = -4*a - 4, m - 3*a - 5 - 13 = 0. Suppose -3*p - m = -75. Calculate the remainder when 39 is divided by p.
19
Suppose -r + 12 - 33 = 0. What is the remainder when (-560)/r - 2/(-6) is divided by 7?
6
Suppose 12 = 3*g + 3. Suppose r + 20 = -t + 77, g*r + 2*t - 169 = 0. Let m = 77 - r. What is the remainder when m is divided by 8?
6
Suppose 5*b - 4*q - 247 = 0, 203 = 4*b - 5*q - 0*q. Calculate the remainder when b is divided by 12.
11
Suppose 12 = 2*m - 4*o - 8, 0 = -3*m - 4*o + 20. Suppose 0 = j - 2*j + 3. Calculate the remainder when m is divided by j.
2
Let x(c) = -c**3 - 4*c**2 + 4*c - 3. Let h(q) = -4*q**2 - 6*q + 1 + 5*q**2 + 5*q. Calculate the remainder when h(2) is divided by x(-5).
1
Suppose 0 = -5*n - 2*k + 106, -2*n = 2*k - 43 - 3. What is the remainder when 77 is divided by n?
17
Suppose 0*a = -3*n + 3*a + 30, 0 = -2*n + 3*a + 23. What is the remainder when 23 is divided by n?
2
Let i(u) = -3*u**3 - 2*u**2 - 2*u - 2. Calculate the remainder when 33 is divided by i(-2).
15
Suppose 7 = -t + 28. What is the remainder when 42 is divided by 4/14 - (-309)/t?
12
Suppose p - 33 + 5 = 0. Suppose w + 2*v - p - 14 = 0, -w + 52 = -3*v. Calculate the remainder when w is divided by 12.
10
Suppose -2*r + 78 = -s - 0*s, 2*r - 70 = -3*s. Calculate the remainder when r is divided by 4.
2
Suppose 5*l + 3*a - 22 = 4*a, -2*l + 7 = -a. What is the remainder when 16 is divided by l?
1
Suppose i - 48 = 2*i. Let z be ((-12)/(-8))/((-2)/i). What is the remainder when z - 0/(-2*1) is divided by 19?
17
Let l(y) = 16*y - 23. Calculate the remainder when l(4) is divided by 14.
13
Suppose 2*p = -3*p + 10. Suppose -205 = -5*c + 3*j, -2*c = -2*j - p*j - 96. Calculate the remainder when c is divided by -21 + 34 + (1 - 1).
12
Let z(n) be the second derivative of n**5/10 + n**3/6 + n. What is the remainder when z(2) is divided by 10?
8
Suppose j + 19 = 48. Calculate the remainder when 141 is divided by j.
25
Let f(a) = 2*a + 6. Let u be f(9). Suppose 38 = 4*n + 2*s, 4*n - u = n + 3*s. Calculate the remainder when 26/3 - (-3)/n is divided by 6.
3
Suppose 0*q + 5 = -5*q, 5*q - 255 = -5*y. What is the remainder when y is divided by 27?
25
Let p = 56 + -27. Suppose -2*s + 21 = -1. Suppose s = 2*r - 19. What is the remainder when p is divided by r?
14
Let z = 12 - -14. Suppose -4*a + 20 = 4*x, 5*x - 4*a - 33 = 19. What is the remainder when x is divided by z/10 + 2/5?
2
Suppose -8*j + 4*j + 28 = 0. Calculate the remainder when 11 is divided by j.
4
Let x = 53 - 45. What is the remainder when 30 is divided by x?
6
Let o be (-126)/(-4) - 2/(-4). Let g = o + -15. Calculate the remainder when g is divided by 6.
5
Let c(q) = 7*q - 2. Calculate the remainder when 407/9 - 4/18 is divided by c(2).
9
Suppose 0*u + o = u - 15, 3*u = o + 35. What is the remainder when 28 is divided by u?
8
Suppose -4*p + 3*p = -1. Let a be p - 1 - 0/1. Suppose d - 3*r + 3 = 0, -48 = -4*d - 3*r - a. What is the remainder when 16 is divided by d?
7
Suppose -5*t - 13 = -f + 5, 2*f + 3*t - 62 = 0. What is the remainder when f is divided by 8?
4
Suppose -4*w = -3*j + 30, -2*j = 2*j - 3*w - 47. Let u = -10 + j. What is the remainder when 15 is divided by u?
3
Suppose 3*l - 23 = r - 0,